ite?
True
Is 2272691 a composite number?
False
Is 3043769 composite?
False
Is 143463767 a prime number?
False
Is 1111637 composite?
False
Is 12138937 prime?
True
Is 10438621 prime?
False
Is 347482 composite?
True
Is 1753309 composite?
False
Is 2415769 prime?
True
Is 1369297 composite?
False
Is 3339697 a composite number?
True
Is 6200979 prime?
False
Is 1748113 a composite number?
False
Is 2144671 a prime number?
True
Is 51643457 a composite number?
True
Is 6065357 composite?
False
Is 59995211 prime?
True
Is 3445927 composite?
True
Is 12041947 a composite number?
True
Is 20300521 a composite number?
True
Is 9820249 a prime number?
True
Is 5894033 a prime number?
True
Is 21913403 prime?
False
Is 497252603 prime?
True
Is 946291 a composite number?
False
Is 1094557 prime?
True
Is 3361997 a prime number?
False
Is 2407687 a prime number?
True
Is 750917 prime?
True
Is 18385607 prime?
True
Is 11365385 prime?
False
Is 18682519 prime?
False
Is 5255977 prime?
False
Is 7372139 prime?
False
Is 3504091 composite?
True
Is 7749073 composite?
True
Is 257669877 a composite number?
True
Is 40529939 composite?
False
Is 1347377 a composite number?
False
Is 103906207 prime?
True
Is 43516801 a composite number?
False
Is 582770263 a composite number?
False
Is 23854693 composite?
False
Is 159935771 a composite number?
True
Is 405313229 prime?
True
Is 2863033 composite?
True
Is 22125013 composite?
True
Is 4907183 a prime number?
True
Is 61551263 a composite number?
False
Is 42731249 composite?
True
Is 903211 a composite number?
False
Is 766309 a composite number?
True
Is 975503 prime?
False
Is 3191261 composite?
False
Is 38227741 composite?
False
Is 395803 a prime number?
True
Is 711412391 composite?
True
Is 59431607 a composite number?
False
Is 5843627 a prime number?
False
Is 177185605 composite?
True
Is 3358079 composite?
True
Is 507952127 a prime number?
False
Is 2232859 composite?
False
Is 267560171 a composite number?
True
Is 46531643 a composite number?
False
Is 27924119 a composite number?
False
Is 31301657 composite?
False
Is 2932651 composite?
False
Is 461381 a prime number?
True
Is 1804037 a composite number?
False
Is 18533013 a composite number?
True
Is 34012037 composite?
True
Is 45482483 a composite number?
False
Is 103263805 a composite number?
True
Is 3007913 a composite number?
True
Is 370129 a composite number?
True
Is 33025193 prime?
True
Is 11767429 composite?
False
Is 47320519 composite?
True
Is 352401461 prime?
False
Is 72983963 composite?
True
Is 56471897 prime?
True
Is 859539 composite?
True
Is 2281115 prime?
False
Is 16213187 composite?
False
Is 10118377 prime?
True
Is 8922193 a prime number?
False
Is 2963311 composite?
True
Is 549069 a composite number?
True
Is 7018969 composite?
False
Is 218448511 a composite number?
True
Is 4996157 a prime number?
False
Is 15944623 prime?
False
Is 58078015 composite?
True
Is 216521791 a composite number?
False
Is 98305 a prime number?
False
Is 2856229 composite?
False
Is 634567637 a prime number?
False
Is 6061421 prime?
True
Is 176451655 prime?
False
Is 44899331 prime?
False
Is 5253454 a prime number?
False
Is 39420707 a composite number?
False
Is 10302599 a composite number?
False
Is 5722867 a composite number?
False
Is 19210033 a composite number?
False
Is 14568727 a composite number?
False
Is 44677153 prime?
False
Is 70787891 composite?
False
Is 35655541 prime?
True
Is 71456345 a composite number?
True
Is 16521389 composite?
False
Is 11060129 prime?
True
Is 3523231 composite?
False
Is 536926931 composite?
False
Is 130861981 composite?
True
Is 396965 a composite number?
True
Is 1264447 a prime number?
True
Is 136432627 a composite number?
False
Is 69983587 a composite number?
False
Is 2235899 prime?
False
Is 2001247 a prime number?
True
Is 16985131 a prime number?
False
Is 35079455 prime?
False
Is 20846459 composite?
False
Is 133291 a prime number?
False
Is 21437963 composite?
False
Is 31293517 prime?
False
Is 7467721 composite?
False
Is 592531 a prime number?
True
Is 1863241 prime?
True
Is 2573647 composite?
True
Is 34183169 composite?
False
Is 1127761 a composite number?
True
Is 178176599 a prime number?
False
Is 271998347 a composite number?
False
Is 89737457 composite?
True
Is 413313 prime?
False
Is 5308609 prime?
True
Is 261238799 prime?
True
Is 24959731 a composite number?
True
Is 12404783 composite?
True
Is 110634981 a composite number?
True
Is 19957841 prime?
True
Is 761194877 a composite number?
False
Is 52663409 prime?
True
Is 196023257 prime?
True
Is 3760535 a composite number?
True
Is 943073 a composite number?
False
Is 90115193 a composite number?
True
Is 3702813 prime?
False
Is 437467 a prime number?
True
Is 7219273 a prime number?
True
Is 217585603 a prime number?
False
Is 99010043 a composite number?
True
Is 38651099 a prime number?
False
Is 4459783 prime?
False
Is 290503 composite?
True
Is 145801599 composite?
True
Is 93687943 a prime number?
True
Is 80093665 a composite number?
True
Is 145730581 composite?
False
Is 1935529 a prime number?
False
Is 143032811 a prime number?
True
Is 22846811 a composite number?
True
Is 12264539 prime?
False
Is 139260023 composite?
True
Is 2524999 a composite number?
True
Is 508127 prime?
False
Is 6936194 prime?
False
Is 150450847 composite?
True
Is 15799373 a prime number?
False
Is 4918073 prime?
False
Is 81110833 composite?
True
Is 32749 a prime number?
True
Is 5940203 composite?
True
Is 39334571 composite?
False
Is 527944441 a prime number?
False
Is 221691865 a prime number?
False
Is 7265507 a composite number?
False
Is 4366697 a composite number?
False
Is 5102561 prime?
True
Is 23689867 a prime number?
True
Is 162446213 a composite number?
False
Is 26127151 prime?
True
Is 860911 a prime number?
True
Is 2497219 prime?
False
Is 212393639 a composite number?
False
Is 2935209 prime?
False
Is 5165999 a prime number?
True
Is 1893695 a composite number?
True
Is 33434369 a prime number?
True
Is 37261639 prime?
True
Is 42192401 a prime number?
True
Is 5171561 composite?
False
Is 1201999 a prime number?
True
Is 525859899 a prime number?
False
Is 129801745 prime?
False
Is 2621119 a prime number?
True
Is 4490537 composite?
True
Is 105723301 prime?
True
Is 8526119 composite?
True
Is 5490227 a composite number?
False
Is 1227637 prime?
True
Is 137894 composite?
True
Is 1718809 prime?
False
Is 76283279 prime?
True
Is 31282459 composite?
True
Is 3508591 prime?
True
Is 2508873 a composite number?
True
Is 75075411 a prime number?
False
Is 150963739 prime?
True
Is 10131689 composite?
False
Is 3752589 a prime number?
False
Is 625477 a composite number?
False
Is 1233933 composite?
True
Is 35597 composite?
False
Is 8011634 prime?
False
Is 9110638 a composite number?
True
Is 449683703 composite?
True
Is 85283587 a prime number?
True
Is 69722963 a prime number?
False
Is 5802887 a composite number?
False
Is 14298367 a prime number?
False
Is 26231171 prime?
True
Is 168581111 a prime number?
True
Is 33969953 prime?
True
Is 771917 prime?
True
Is 3769471 a prime number?
True
Is 2095189 a prime number?
True
Is 13900897 prime?
False
Is 474751 a composite number?
False
Is 3157549 a prime number?
False
Is 177232837 composite?
True
Is 23334163 a prime number?
True
Is 2463689 composite?
True
Is 16527143 composite?
False
Is 176646181 composite?
False
Is 152215597 prime?
True
Is 156171 a composite number?
True
Is 16663321 prime?
True
Is 760423 a prime number?
True
Is 4915831 a composite number?
False
Is 78628409 composite?
False
Is 84851938 a prime number?
False
Is 82475005 a composite number?
True
Is 7498119 a composite number?
True
Is 6347177 prime?
True
Is 97607 a prime number?
True
Is 3117385 composite?
True
Is 58874003 prime?
True
Is 14690239 composite?
False
Is 19623719 composite?
False
Is 926203 a prime number?
True
Is 10987546 a composite number?
True
Is 157877 composite?
False
Is 13204429 a composite number?
True
Is 165491561 prime?
True
Is 101572421 composite?
True
Is 274847843 a composite number?
False
Is 25718911 a prime number?
False
Is 20097131 a prime number?
False
Is 750877 composite?
True
Is 4708493 a prime number?
True
Is 150151 composite?
False
Is 1640671 a composite number?
True
Is 1680961 prime?
True
Is 44256449 composite?
False
Is 215826473 a composite number?
Fals